ose 0 = 5*f - 394 - q. What are the prime factors of f?
2, 5
Let j = -17 + 26. Suppose -1195 = 4*r - j*r. List the prime factors of r.
239
Let s(x) = -12*x**3 + 10*x**2 - 7*x - 20. What are the prime factors of s(-5)?
5, 353
What are the prime factors of 11/(99/(-18))*(-5626)/4?
29, 97
Let s be (-35)/21 - (-2)/3. List the prime factors of (-84 - (-6)/1)/(2*s).
3, 13
Let w be -3 + (-2)/(2 - 4). Let t(l) = -22*l + 21. Let v(m) = 7*m - 7. Let d(q) = w*t(q) - 7*v(q). List the prime factors of d(-11).
2, 31
Let a be (25/10)/(4/88). What are the prime factors of (-2)/(-11) + 320/a?
2, 3
Let h = -10 + 2. Let i = h - -11. What are the prime factors of ((-2)/i)/(2/(-30))?
2, 5
Let i(u) be the first derivative of u**2/2 - 3*u - 10. Suppose c - 6*c + 35 = 0. What are the prime factors of i(c)?
2
Let t = -162 - -302. Suppose v - t = -3*u, 196 = 4*u + v - 2*v. List the prime factors of u.
2, 3
Let d be 1 + (-5)/7 - (-352)/(-56). What are the prime factors of (-9)/(-2)*24 - (d + 6)?
2, 3
Let t = -27 - -25. List the prime factors of (-1 + 0)/(t/130).
5, 13
Let y(b) = 3*b**2 - 3*b + 12. Let a be y(9). Let v = 448 - a. List the prime factors of v.
2, 5, 11
Let y = 4623 + -2105. What are the prime factors of y?
2, 1259
Suppose d - 8*s = -7*s + 3605, 3*s = -2*d + 7230. List the prime factors of d.
3, 401
Let c(w) = -140*w + 200. What are the prime factors of c(-8)?
2, 3, 5, 11
Suppose 0 = 3*p - 4*p + 38. Suppose -p*a - 1376 = -46*a. List the prime factors of a.
2, 43
Let o be (55/22)/((-10)/(-8)). Suppose -13 = -o*g - 5. What are the prime factors of g?
2
Let r(u) = -231*u. Let z be r(-6). Suppose -z = -0*g - 11*g. What are the prime factors of g?
2, 3, 7
Let u(h) be the third derivative of h**5/10 - 11*h**4/24 + 2*h**3 + 18*h**2. What are the prime factors of u(5)?
107
Let n = 163 - 72. Let d = 35 + n. What are the prime factors of d?
2, 3, 7
Suppose 2*i - 11 - 3 = 0. Suppose 0 = -4*s - i - 61. Let o = s + 26. What are the prime factors of o?
3
Let b(d) = 688*d - 53. List the prime factors of b(4).
2699
Suppose -11*b = 4*b - 60. Suppose -3*g + c = -77, 5*g + 5*c + 62 = 157. Suppose b*o - g - 44 = 0. What are the prime factors of o?
17
Let v(y) = 187*y**3 - 3*y + 2. Let u be v(1). Suppose 5*b - f - 186 = 2*b, -4*f + u = 3*b. List the prime factors of b.
2, 31
Suppose -s = -0*s. Suppose a + 33 = 54. What are the prime factors of (s - 1)*(7 - a)?
2, 7
Suppose -o - 3*r = -0*o - 17, -o - 4*r + 19 = 0. Suppose 18 = o*k - 9*k. List the prime factors of 0 + 17 + k/(-9).
2
What are the prime factors of (-7 + 0)/(-1) + (-8574)/(-2)?
2, 19, 113
Let r(n) = n**2 - 3*n - 7. Let u be r(7). Suppose 5*w - u = 2*w. List the prime factors of w.
7
Suppose -2*d + 3*d = -3*k + 3, -d - 5*k = -3. Suppose -4*f = -4*x - 120, 96 = 4*f + d*x + 11. What are the prime factors of f?
5
Let a = -1787 - -4543. List the prime factors of a.
2, 13, 53
Let s = 211 - 321. Let f = -73 - s. List the prime factors of f.
37
Let n = 68 + -66. Suppose 3*z - f - 243 = 4*f, 4*f = -n*z + 162. What are the prime factors of z?
3
Suppose -4*g = -3*o + 1460, 4*g = o + g - 485. What are the prime factors of o?
2, 61
Let v = 97 - 13. Suppose 0 = k - 0*k + v. What are the prime factors of 21*(k/(-9))/7?
2, 7
Let w(b) = -4*b - 1. Let i be w(-1). Let y(q) = -q**3 - q**2 + 5*q - 5. Let u be y(i). Let k = -12 - u. What are the prime factors of k?
2, 7
Let r be ((-2)/4)/((-3)/42). Suppose 4*v = r*v - 147. Suppose -9*g + 2*g + v = 0. List the prime factors of g.
7
Let c(k) = 6*k**3 - 4*k**2 + 6*k + 2. What are the prime factors of c(4)?
2, 173
Suppose 4 = d + 26. Suppose v = 4*v + 2*h - 188, 5*v - h - 309 = 0. Let o = v + d. List the prime factors of o.
2, 5
Let s(d) = 4*d**3 - d**2 + 2*d - 2. Let k be s(2). Let x = -51 + k. List the prime factors of (-7)/(x/6) + 32.
2, 17
Let l = -29 - -377. List the prime factors of l.
2, 3, 29
Let a be 6/(-9) + 19/(-3). Let n(k) = 2*k + 1. Let r be n(a). Let x = 2 - r. List the prime factors of x.
3, 5
Let w(l) = -l**3 + 18*l**2 + 15*l + 23. Let u be w(19). Let o = 102 + u. What are the prime factors of o?
7
Let d = 854 + -606. List the prime factors of d.
2, 31
Let d(h) be the third derivative of 5/12*h**4 + 0*h + 1/120*h**6 - 2*h**2 + 17/6*h**3 + 0 + 11/60*h**5. What are the prime factors of d(-10)?
17
Let k be (-4206)/(-18) - 4/6. Suppose -4*y + 39 = -k. Let h = -48 + y. What are the prime factors of h?
2, 5
Let s(x) = 22*x - 7. Suppose 3*t + 6 - 18 = 0. What are the prime factors of s(t)?
3
Let h(s) = -13*s**3 + 2*s**2 - 7*s - 2. What are the prime factors of h(-3)?
2, 97
Let u(j) = -10*j - 3. Let l(n) = 9*n + 2. Suppose 0 = -h - 0 + 3. Let x(y) = h*u(y) + 4*l(y). List the prime factors of x(8).
47
Let x = 3401 + -623. What are the prime factors of x?
2, 3, 463
Let h = -1634 + 2430. List the prime factors of h.
2, 199
What are the prime factors of (49/(-4))/(-1*1/4)?
7
Suppose 15*c - 79 - 101 = 0. Suppose -3*p - 3*r + 663 = 0, 11*p - 2*r = c*p - 223. List the prime factors of p.
3, 73
List the prime factors of ((-21)/28)/((9/(-4072))/9).
2, 3, 509
Suppose -4 = -2*q + 4. Suppose -d = 7 - 2, q*z - 4*d - 460 = 0. List the prime factors of z.
2, 5, 11
Let v(z) = z**3 + 6*z**2 - 26*z - 33. Let n be v(-9). Suppose -i = -r + 8, -4*i + 5*r = -0*i + 31. What are the prime factors of (n/i)/((-5)/(-15))?
2, 7
Suppose -7*u + 986 = -162. Suppose 0 = -5*w - 3*s + 905, 2*s - 6*s + u = w. Let b = w - 125. What are the prime factors of b?
59
Let l = 3 + 3. Let f be l/(-21) + (-9)/(-7). List the prime factors of f/(-1)*(-110)/5.
2, 11
Let s(q) = 46*q**2 - 33*q + 150. What are the prime factors of s(6)?
2, 3, 67
Suppose 25*v = 23*v - 3*m + 133, -3*m + 15 = 0. Let f = 3 + -1. Suppose -5*n + 174 = b, -2*b + 9 + v = f*n. What are the prime factors of n?
5, 7
Let y(o) = -o**3 + 9*o**2 + 21*o + 14. Let m be y(11). Suppose -3*v + 81 = m*l, 5*v - 32 = -2*l + 34. List the prime factors of l.
23
Suppose 2*u - 3 - 28 = -5*h, -4*h = -5*u - 5. Suppose 4*c = -3*j - 284, -2*j = -u*j - 4. What are the prime factors of c*(7/4)/(-7)?
17
Suppose 39*m = 107930 - 5828. What are the prime factors of m?
2, 7, 11, 17
Let w be (-9)/(-15)*5 + -9. Let b(v) = 0*v - 3*v - v**2 - 4*v + 6. What are the prime factors of b(w)?
2, 3
Let w(g) = g**2 - 5*g - 33. Let p be w(9). Suppose -p*k - 51 = -a + 158, -3*a = -3*k - 657. List the prime factors of a.
2, 7
Suppose -4*f - 64 = -6*f. Suppose 6 = 3*m, -m + 3*m = 2*w - f. What are the prime factors of w?
2, 3
Let t(u) = 13*u**2 - 5*u + 4. Let m be t(3). Suppose m + 4 = 5*j. List the prime factors of j.
2, 11
Suppose -881 = -f + 2*z, -5*f + 6029 - 1549 = 5*z. List the prime factors of f.
3, 11
Let a = -457 + 233. Let x = -15 - a. List the prime factors of x.
11, 19
Let w(p) = -4*p + 3. Suppose 3*d - 8 = -2*v - 20, -6 = 3*d. Let k be w(v). What are the prime factors of ((-132)/k)/(4/(-10))?
2, 11
Let f be 4/(-1 - 1) - 6923/(-7). Suppose -f + 203 = -7*b. What are the prime factors of b?
2, 7
Let d be (10 + -2)/2 + 2. What are the prime factors of (3 - (-59)/(-2))/(d/(-24))?
2, 53
Suppose -3*m + 2*p - 6*p + 22 = 0, -m - 10 = -3*p. List the prime factors of ((-8280)/99)/(-2) + m/11.
2, 3, 7
Suppose 0 = -0*n + n + 2. Let f be 12/(2 + 6/(-2)). List the prime factors of (-368)/f + n/(-6).
31
Suppose -5*m + 4*d - 2*d = 69, -4*m = d + 63. What are the prime factors of 2/6 + (-4720)/m?
3, 5, 7
Suppose -7*h + 25 = -2*h, -z - 2*h = -274. What are the prime factors of z?
2, 3, 11
Let z be 4/14 + (-30)/105. Let d(j) = -j**3 - j**2 - j - 4. Let a be d(z). Let s(p) = -p**3 - 2*p**2 + 4. List the prime factors of s(a).
2, 3
Suppose 4*y - 16 = -3*u, 2*y - 16 = -2*y - 2*u. Suppose 3*j - 119 = -h + y*j, -365 = -3*h - j. What are the prime factors of h?
11
Let j be (-354)/(-12) + 2/4. Suppose -5*c + 95 - j = 0. What are the prime factors of c?
13
What are the prime factors of 2 + (13 - 2) + 4785?
2, 2399
Let n = -192 + 673. List the prime factors of n.
13, 37
List the prime factors of 7450/15*(11 - 8).
2, 5, 149
Suppose c + 5 = -5*v, -2 + 6 = -4*v + 3*c. What are the prime factors of (1 + 1 + v)*73?
73
Suppose -t + 9 - 4 = 0. Let z be (-2 - (-2)/2)*-53. Suppose 2*r + 82 + z = 3*a, -4*a + t*r = -173. List the prime factors of a.
47
Suppose -160 - 77 = -3*w. What are the prime factors of (-2)/7 + w/7?
11